{"id":12,"date":"2023-03-16T07:22:27","date_gmt":"2023-03-16T07:22:27","guid":{"rendered":"https:\/\/www.karl-hillebrand.at\/wp\/?page_id=12"},"modified":"2023-03-16T08:31:45","modified_gmt":"2023-03-16T08:31:45","slug":"ueber-mich","status":"publish","type":"page","link":"https:\/\/www.karl-hillebrand.at\/?page_id=12","title":{"rendered":"\u00dcber mich"},"content":{"rendered":"\t\t<div data-elementor-type=\"wp-page\" data-elementor-id=\"12\" class=\"elementor elementor-12\">\n\t\t\t\t\t\t<section class=\"elementor-section elementor-top-section elementor-element elementor-element-ae91222 elementor-section-boxed elementor-section-height-default elementor-section-height-default\" data-id=\"ae91222\" data-element_type=\"section\">\n\t\t\t\t\t\t<div class=\"elementor-container elementor-column-gap-default\">\n\t\t\t\t\t<div class=\"elementor-column elementor-col-50 elementor-top-column elementor-element elementor-element-8b1bb30\" data-id=\"8b1bb30\" data-element_type=\"column\">\n\t\t\t<div class=\"elementor-widget-wrap elementor-element-populated\">\n\t\t\t\t\t\t<div class=\"elementor-element elementor-element-4884c57 elementor-widget elementor-widget-text-editor\" data-id=\"4884c57\" data-element_type=\"widget\" data-widget_type=\"text-editor.default\">\n\t\t\t\t<div class=\"elementor-widget-container\">\n\t\t\t\t\t\t\t\t\t<p>Seit Anfang 2015 biete ich meine Beratungsleistungen auch als selbstst\u00e4ndiger Pflanzenexperte an. Meine beruflichen Wurzeln liegen an der Universit\u00e4t f\u00fcr Bodenkultur Wien, wo ich als Universit\u00e4tslektor im Bereich Pflanzenverwendung (Gestalten mit Pflanzen) und Vegetationstechnik geforscht und unterrichtet habe. Danach folgten Lehrauftr\u00e4ge im Fachbereich &#8222;\u00d6kologisches Garten- und Gr\u00fcnraummanagement&#8220; an der Donau-Universit\u00e4t Krems. Der direkte Bezug zur handwerklichen Praxis ist mir besonders wichtig. Daher kamen auch Meisterkurse in der G\u00e4rtnermeister-Ausbildung dazu. So gebe ich mein Wissen aus Forschung und Praxis weiter, gleichzeitig bin ich durch den Austausch mit anderen Fachleuten immer am Puls der Zeit. Das war mir schon immer ein gro\u00dfes Anliegen und so f\u00fchrte mich meine interdisziplin\u00e4re Ausbildung eben bis an die BOKU, zu meinen beiden Studien Angewandte Pflanzenwissenschaften mit Schwerpunkt Garten-, Obst- und Weinbau, sowie Landschaftsplanung und Landschaftsarchitektur.<\/p>\t\t\t\t\t\t\t\t<\/div>\n\t\t\t\t<\/div>\n\t\t\t\t\t<\/div>\n\t\t<\/div>\n\t\t\t\t<div class=\"elementor-column elementor-col-50 elementor-top-column elementor-element elementor-element-601b2c5\" data-id=\"601b2c5\" data-element_type=\"column\">\n\t\t\t<div class=\"elementor-widget-wrap elementor-element-populated\">\n\t\t\t\t\t\t<div class=\"elementor-element elementor-element-1069e9e elementor-widget elementor-widget-image\" data-id=\"1069e9e\" data-element_type=\"widget\" data-widget_type=\"image.default\">\n\t\t\t\t<div class=\"elementor-widget-container\">\n\t\t\t\t\t\t\t\t\t\t\t\t\t\t\t<img fetchpriority=\"high\" decoding=\"async\" width=\"300\" height=\"400\" src=\"https:\/\/www.karl-hillebrand.at\/wp\/wp-content\/uploads\/2023\/03\/beratung02_400.jpg\" class=\"attachment-large size-large wp-image-25\" alt=\"\" srcset=\"https:\/\/www.karl-hillebrand.at\/wp\/wp-content\/uploads\/2023\/03\/beratung02_400.jpg 300w, https:\/\/www.karl-hillebrand.at\/wp\/wp-content\/uploads\/2023\/03\/beratung02_400-225x300.jpg 225w\" sizes=\"(max-width: 300px) 100vw, 300px\" \/>\t\t\t\t\t\t\t\t\t\t\t\t\t\t\t<\/div>\n\t\t\t\t<\/div>\n\t\t\t\t\t<\/div>\n\t\t<\/div>\n\t\t\t\t\t<\/div>\n\t\t<\/section>\n\t\t\t\t<section class=\"elementor-section elementor-top-section elementor-element elementor-element-2c3fa6c elementor-section-boxed elementor-section-height-default elementor-section-height-default\" data-id=\"2c3fa6c\" data-element_type=\"section\">\n\t\t\t\t\t\t<div class=\"elementor-container elementor-column-gap-default\">\n\t\t\t\t\t<div class=\"elementor-column elementor-col-50 elementor-top-column elementor-element elementor-element-a906288\" data-id=\"a906288\" data-element_type=\"column\">\n\t\t\t<div class=\"elementor-widget-wrap elementor-element-populated\">\n\t\t\t\t\t\t\t<\/div>\n\t\t<\/div>\n\t\t\t\t<div class=\"elementor-column elementor-col-50 elementor-top-column elementor-element elementor-element-a92edac\" data-id=\"a92edac\" data-element_type=\"column\">\n\t\t\t<div class=\"elementor-widget-wrap\">\n\t\t\t\t\t\t\t<\/div>\n\t\t<\/div>\n\t\t\t\t\t<\/div>\n\t\t<\/section>\n\t\t\t\t<section class=\"elementor-section elementor-top-section elementor-element elementor-element-fb95331 elementor-section-boxed elementor-section-height-default elementor-section-height-default\" data-id=\"fb95331\" data-element_type=\"section\">\n\t\t\t\t\t\t<div class=\"elementor-container elementor-column-gap-default\">\n\t\t\t\t\t<div class=\"elementor-column elementor-col-50 elementor-top-column elementor-element elementor-element-14ac128\" data-id=\"14ac128\" data-element_type=\"column\">\n\t\t\t<div class=\"elementor-widget-wrap elementor-element-populated\">\n\t\t\t\t\t\t<div class=\"elementor-element elementor-element-549e154 elementor-widget elementor-widget-text-editor\" data-id=\"549e154\" data-element_type=\"widget\" data-widget_type=\"text-editor.default\">\n\t\t\t\t<div class=\"elementor-widget-container\">\n\t\t\t\t\t\t\t\t\t<p>Der Grundstein f\u00fcr meine Pflanzenleidenschaft wurde aber wohl schon im Kindesalter gelegt, als ich meinen Gro\u00dfm\u00fcttern gerne bei der praktischen Gartenarbeit geholfen habe. Bald folgten erste eigene Versuche und die Freude war gro\u00df, als die eingesetzten Pflanzen auch tats\u00e4chlich wuchsen und mit der richtigen Pflege gut gediehen. Im Laufe der Zeit wurden die Pflanzen und sp\u00e4ter auch die passenden Fachb\u00fccher immer zahlreicher.<\/p>\t\t\t\t\t\t\t\t<\/div>\n\t\t\t\t<\/div>\n\t\t\t\t\t<\/div>\n\t\t<\/div>\n\t\t\t\t<div class=\"elementor-column elementor-col-50 elementor-top-column elementor-element elementor-element-06e629d\" data-id=\"06e629d\" data-element_type=\"column\">\n\t\t\t<div class=\"elementor-widget-wrap elementor-element-populated\">\n\t\t\t\t\t\t<div class=\"elementor-element elementor-element-a7ca8bf elementor-widget elementor-widget-image\" data-id=\"a7ca8bf\" data-element_type=\"widget\" data-widget_type=\"image.default\">\n\t\t\t\t<div class=\"elementor-widget-container\">\n\t\t\t\t\t\t\t\t\t\t\t\t\t\t\t<img decoding=\"async\" width=\"300\" height=\"400\" src=\"https:\/\/www.karl-hillebrand.at\/wp\/wp-content\/uploads\/2023\/03\/karl_hillebrand2_300.jpg\" class=\"attachment-large size-large wp-image-47\" alt=\"\" srcset=\"https:\/\/www.karl-hillebrand.at\/wp\/wp-content\/uploads\/2023\/03\/karl_hillebrand2_300.jpg 300w, https:\/\/www.karl-hillebrand.at\/wp\/wp-content\/uploads\/2023\/03\/karl_hillebrand2_300-225x300.jpg 225w\" sizes=\"(max-width: 300px) 100vw, 300px\" \/>\t\t\t\t\t\t\t\t\t\t\t\t\t\t\t<\/div>\n\t\t\t\t<\/div>\n\t\t\t\t\t<\/div>\n\t\t<\/div>\n\t\t\t\t\t<\/div>\n\t\t<\/section>\n\t\t\t\t<section class=\"elementor-section elementor-top-section elementor-element elementor-element-266fd9d elementor-section-boxed elementor-section-height-default elementor-section-height-default\" data-id=\"266fd9d\" data-element_type=\"section\">\n\t\t\t\t\t\t<div class=\"elementor-container elementor-column-gap-default\">\n\t\t\t\t\t<div class=\"elementor-column elementor-col-100 elementor-top-column elementor-element elementor-element-8c3739c\" data-id=\"8c3739c\" data-element_type=\"column\">\n\t\t\t<div class=\"elementor-widget-wrap elementor-element-populated\">\n\t\t\t\t\t\t<div class=\"elementor-element elementor-element-a1c7c61 elementor-widget elementor-widget-heading\" data-id=\"a1c7c61\" data-element_type=\"widget\" data-widget_type=\"heading.default\">\n\t\t\t\t<div class=\"elementor-widget-container\">\n\t\t\t\t\t<h2 class=\"elementor-heading-title elementor-size-default\">Besondere fachliche Schwerpunkte<\/h2>\t\t\t\t<\/div>\n\t\t\t\t<\/div>\n\t\t\t\t\t<\/div>\n\t\t<\/div>\n\t\t\t\t\t<\/div>\n\t\t<\/section>\n\t\t\t\t<section class=\"elementor-section elementor-top-section elementor-element elementor-element-88b2daf elementor-section-boxed elementor-section-height-default elementor-section-height-default\" data-id=\"88b2daf\" data-element_type=\"section\">\n\t\t\t\t\t\t<div class=\"elementor-container elementor-column-gap-default\">\n\t\t\t\t\t<div class=\"elementor-column elementor-col-50 elementor-top-column elementor-element elementor-element-bb7dc24\" data-id=\"bb7dc24\" data-element_type=\"column\">\n\t\t\t<div class=\"elementor-widget-wrap elementor-element-populated\">\n\t\t\t\t\t\t<div class=\"elementor-element elementor-element-78969fc elementor-widget elementor-widget-text-editor\" data-id=\"78969fc\" data-element_type=\"widget\" data-widget_type=\"text-editor.default\">\n\t\t\t\t<div class=\"elementor-widget-container\">\n\t\t\t\t\t\t\t\t\t<p>Ich biete Ihnen vielf\u00e4ltige Erfahrungen mit Zier- und Nutzpflanzen im privaten und \u00f6ffentlichen Gr\u00fcn. Einer meiner Schwerpunkte ist die Beratung zum standortgerechten und pflegeextensiven Gestalten mit B\u00e4umen, Str\u00e4uchern, Stauden und Zwiebelpflanzen. Damit Sie sich ein Bild von meiner Arbeit machen k\u00f6nnen, finden Sie in der Rubrik Projekte mein Portfolio mit gelungenen, pflegeleichten Gestaltungsbeispielen und vielen Fotos!<\/p><p>Meine Kompetenzen umfassen aber auch anspruchsvolle Spezialgebiete wie z.B. K\u00fcbelpflanzen, Wintergarten- und Zimmerpflanzen, Freilandexoten, seltene Wein- und Obstsorten, sowie heimische Wildpflanzen und Kr\u00e4uter.<\/p><p>Im Bezug auf Pflanzen in der Natur- und Kulturlandschaft besch\u00e4ftige ich mich intensiv mit der mitteleurop\u00e4ischen, pannonischen, submediterranen und mediterranen Flora. Schon w\u00e4hrend meines Studiums haben mich die Auswirkungen von traditioneller Landnutzung wie Weinbau oder Weidewirtschaft auf die naturnahe Vegetation fasziniert.<\/p><p>Kulturlandschaften, Gr\u00fcnr\u00e4ume und G\u00e4rten sind nicht zuletzt ein Ausdruck des Lebens und Wirkens von Menschen, daher befasse ich mich auch mit den sozialen Aspekten von G\u00e4rten und Gr\u00fcnr\u00e4umen. Wichtige Punkte sind dabei etwa das Management von AkteurInnen-Netzwerken f\u00fcr eine nachhaltige Entwicklung von Gr\u00fcnr\u00e4umen und immer mehr auch die Beteiligung von NutzerInnen bei Planung, Gestaltung und Pflege von \u00f6ffentlichen Gr\u00fcnr\u00e4umen.<\/p><p>Ob in G\u00e4rten, Gr\u00fcnr\u00e4umen oder in der Landschaft, die Besch\u00e4ftigung mit der Pflanzenwelt und ihren vielf\u00e4ltigen Beziehungen ist meine gro\u00dfe Leidenschaft!<\/p>\t\t\t\t\t\t\t\t<\/div>\n\t\t\t\t<\/div>\n\t\t\t\t\t<\/div>\n\t\t<\/div>\n\t\t\t\t<div class=\"elementor-column elementor-col-50 elementor-top-column elementor-element elementor-element-d1f5741\" data-id=\"d1f5741\" data-element_type=\"column\">\n\t\t\t<div class=\"elementor-widget-wrap elementor-element-populated\">\n\t\t\t\t\t\t<div class=\"elementor-element elementor-element-eca92a1 elementor-widget elementor-widget-image\" data-id=\"eca92a1\" data-element_type=\"widget\" data-widget_type=\"image.default\">\n\t\t\t\t<div class=\"elementor-widget-container\">\n\t\t\t\t\t\t\t\t\t\t\t\t\t\t\t<img decoding=\"async\" width=\"300\" height=\"350\" src=\"https:\/\/www.karl-hillebrand.at\/wp\/wp-content\/uploads\/2023\/03\/uebermich01_300.jpg\" class=\"attachment-large size-large wp-image-64\" alt=\"\" srcset=\"https:\/\/www.karl-hillebrand.at\/wp\/wp-content\/uploads\/2023\/03\/uebermich01_300.jpg 300w, https:\/\/www.karl-hillebrand.at\/wp\/wp-content\/uploads\/2023\/03\/uebermich01_300-257x300.jpg 257w\" sizes=\"(max-width: 300px) 100vw, 300px\" \/>\t\t\t\t\t\t\t\t\t\t\t\t\t\t\t<\/div>\n\t\t\t\t<\/div>\n\t\t\t\t\t<\/div>\n\t\t<\/div>\n\t\t\t\t\t<\/div>\n\t\t<\/section>\n\t\t\t\t<\/div>\n\t\t","protected":false},"excerpt":{"rendered":"<p>Seit Anfang 2015 biete ich meine Beratungsleistungen auch als selbstst\u00e4ndiger Pflanzenexperte an. Meine beruflichen Wurzeln liegen an der Universit\u00e4t f\u00fcr Bodenkultur Wien, wo ich als Universit\u00e4tslektor im Bereich Pflanzenverwendung (Gestalten mit Pflanzen) und Vegetationstechnik geforscht und unterrichtet habe. Danach folgten Lehrauftr\u00e4ge im Fachbereich &#8222;\u00d6kologisches Garten- und Gr\u00fcnraummanagement&#8220; an der Donau-Universit\u00e4t Krems. Der direkte Bezug zur [&hellip;]<\/p>\n","protected":false},"author":1,"featured_media":0,"parent":0,"menu_order":0,"comment_status":"closed","ping_status":"closed","template":"","meta":{"footnotes":""},"class_list":["post-12","page","type-page","status-publish","hentry"],"_links":{"self":[{"href":"https:\/\/www.karl-hillebrand.at\/index.php?rest_route=\/wp\/v2\/pages\/12","targetHints":{"allow":["GET"]}}],"collection":[{"href":"https:\/\/www.karl-hillebrand.at\/index.php?rest_route=\/wp\/v2\/pages"}],"about":[{"href":"https:\/\/www.karl-hillebrand.at\/index.php?rest_route=\/wp\/v2\/types\/page"}],"author":[{"embeddable":true,"href":"https:\/\/www.karl-hillebrand.at\/index.php?rest_route=\/wp\/v2\/users\/1"}],"replies":[{"embeddable":true,"href":"https:\/\/www.karl-hillebrand.at\/index.php?rest_route=%2Fwp%2Fv2%2Fcomments&post=12"}],"version-history":[{"count":7,"href":"https:\/\/www.karl-hillebrand.at\/index.php?rest_route=\/wp\/v2\/pages\/12\/revisions"}],"predecessor-version":[{"id":71,"href":"https:\/\/www.karl-hillebrand.at\/index.php?rest_route=\/wp\/v2\/pages\/12\/revisions\/71"}],"wp:attachment":[{"href":"https:\/\/www.karl-hillebrand.at\/index.php?rest_route=%2Fwp%2Fv2%2Fmedia&parent=12"}],"curies":[{"name":"wp","href":"https:\/\/api.w.org\/{rel}","templated":true}]}}

Über mich

<div data-elementor-type="wp-page" data-elementor-id="12" class="elementor elementor-12">
						<section class="elementor-section elementor-top-section elementor-element elementor-element-ae91222 elementor-section-boxed elementor-section-height-default elementor-section-height-default" data-id="ae91222" data-element_type="section">
						<div class="elementor-container elementor-column-gap-default">
					<div class="elementor-column elementor-col-50 elementor-top-column elementor-element elementor-element-8b1bb30" data-id="8b1bb30" data-element_type="column">
			<div class="elementor-widget-wrap elementor-element-populated">
						<div class="elementor-element elementor-element-4884c57 elementor-widget elementor-widget-text-editor" data-id="4884c57" data-element_type="widget" data-widget_type="text-editor.default">
				<div class="elementor-widget-container">
									<p>Seit Anfang 2015 biete ich meine Beratungsleistungen auch als selbstständiger Pflanzenexperte an. Meine beruflichen Wurzeln liegen an der Universität für Bodenkultur Wien, wo ich als Universitätslektor im Bereich Pflanzenverwendung (Gestalten mit Pflanzen) und Vegetationstechnik geforscht und unterrichtet habe. Danach folgten Lehraufträge im Fachbereich &#8222;Ökologisches Garten- und Grünraummanagement&#8220; an der Donau-Universität Krems. Der direkte Bezug zur handwerklichen Praxis ist mir besonders wichtig. Daher kamen auch Meisterkurse in der Gärtnermeister-Ausbildung dazu. So gebe ich mein Wissen aus Forschung und Praxis weiter, gleichzeitig bin ich durch den Austausch mit anderen Fachleuten immer am Puls der Zeit. Das war mir schon immer ein großes Anliegen und so führte mich meine interdisziplinäre Ausbildung eben bis an die BOKU, zu meinen beiden Studien Angewandte Pflanzenwissenschaften mit Schwerpunkt Garten-, Obst- und Weinbau, sowie Landschaftsplanung und Landschaftsarchitektur.</p>								</div>
				</div>
					</div>
		</div>
				<div class="elementor-column elementor-col-50 elementor-top-column elementor-element elementor-element-601b2c5" data-id="601b2c5" data-element_type="column">
			<div class="elementor-widget-wrap elementor-element-populated">
						<div class="elementor-element elementor-element-1069e9e elementor-widget elementor-widget-image" data-id="1069e9e" data-element_type="widget" data-widget_type="image.default">
				<div class="elementor-widget-container">
															<img fetchpriority="high" decoding="async" width="300" height="400" src="https://www.karl-hillebrand.at/wp/wp-content/uploads/2023/03/beratung02_400.jpg" class="attachment-large size-large wp-image-25" alt="" srcset="https://www.karl-hillebrand.at/wp/wp-content/uploads/2023/03/beratung02_400.jpg 300w, https://www.karl-hillebrand.at/wp/wp-content/uploads/2023/03/beratung02_400-225x300.jpg 225w" sizes="(max-width: 300px) 100vw, 300px" />															</div>
				</div>
					</div>
		</div>
					</div>
		</section>
				<section class="elementor-section elementor-top-section elementor-element elementor-element-2c3fa6c elementor-section-boxed elementor-section-height-default elementor-section-height-default" data-id="2c3fa6c" data-element_type="section">
						<div class="elementor-container elementor-column-gap-default">
					<div class="elementor-column elementor-col-50 elementor-top-column elementor-element elementor-element-a906288" data-id="a906288" data-element_type="column">
			<div class="elementor-widget-wrap elementor-element-populated">
							</div>
		</div>
				<div class="elementor-column elementor-col-50 elementor-top-column elementor-element elementor-element-a92edac" data-id="a92edac" data-element_type="column">
			<div class="elementor-widget-wrap">
							</div>
		</div>
					</div>
		</section>
				<section class="elementor-section elementor-top-section elementor-element elementor-element-fb95331 elementor-section-boxed elementor-section-height-default elementor-section-height-default" data-id="fb95331" data-element_type="section">
						<div class="elementor-container elementor-column-gap-default">
					<div class="elementor-column elementor-col-50 elementor-top-column elementor-element elementor-element-14ac128" data-id="14ac128" data-element_type="column">
			<div class="elementor-widget-wrap elementor-element-populated">
						<div class="elementor-element elementor-element-549e154 elementor-widget elementor-widget-text-editor" data-id="549e154" data-element_type="widget" data-widget_type="text-editor.default">
				<div class="elementor-widget-container">
									<p>Der Grundstein für meine Pflanzenleidenschaft wurde aber wohl schon im Kindesalter gelegt, als ich meinen Großmüttern gerne bei der praktischen Gartenarbeit geholfen habe. Bald folgten erste eigene Versuche und die Freude war groß, als die eingesetzten Pflanzen auch tatsächlich wuchsen und mit der richtigen Pflege gut gediehen. Im Laufe der Zeit wurden die Pflanzen und später auch die passenden Fachbücher immer zahlreicher.</p>								</div>
				</div>
					</div>
		</div>
				<div class="elementor-column elementor-col-50 elementor-top-column elementor-element elementor-element-06e629d" data-id="06e629d" data-element_type="column">
			<div class="elementor-widget-wrap elementor-element-populated">
						<div class="elementor-element elementor-element-a7ca8bf elementor-widget elementor-widget-image" data-id="a7ca8bf" data-element_type="widget" data-widget_type="image.default">
				<div class="elementor-widget-container">
															<img decoding="async" width="300" height="400" src="https://www.karl-hillebrand.at/wp/wp-content/uploads/2023/03/karl_hillebrand2_300.jpg" class="attachment-large size-large wp-image-47" alt="" srcset="https://www.karl-hillebrand.at/wp/wp-content/uploads/2023/03/karl_hillebrand2_300.jpg 300w, https://www.karl-hillebrand.at/wp/wp-content/uploads/2023/03/karl_hillebrand2_300-225x300.jpg 225w" sizes="(max-width: 300px) 100vw, 300px" />															</div>
				</div>
					</div>
		</div>
					</div>
		</section>
				<section class="elementor-section elementor-top-section elementor-element elementor-element-266fd9d elementor-section-boxed elementor-section-height-default elementor-section-height-default" data-id="266fd9d" data-element_type="section">
						<div class="elementor-container elementor-column-gap-default">
					<div class="elementor-column elementor-col-100 elementor-top-column elementor-element elementor-element-8c3739c" data-id="8c3739c" data-element_type="column">
			<div class="elementor-widget-wrap elementor-element-populated">
						<div class="elementor-element elementor-element-a1c7c61 elementor-widget elementor-widget-heading" data-id="a1c7c61" data-element_type="widget" data-widget_type="heading.default">
				<div class="elementor-widget-container">
					<h2 class="elementor-heading-title elementor-size-default">Besondere fachliche Schwerpunkte</h2>				</div>
				</div>
					</div>
		</div>
					</div>
		</section>
				<section class="elementor-section elementor-top-section elementor-element elementor-element-88b2daf elementor-section-boxed elementor-section-height-default elementor-section-height-default" data-id="88b2daf" data-element_type="section">
						<div class="elementor-container elementor-column-gap-default">
					<div class="elementor-column elementor-col-50 elementor-top-column elementor-element elementor-element-bb7dc24" data-id="bb7dc24" data-element_type="column">
			<div class="elementor-widget-wrap elementor-element-populated">
						<div class="elementor-element elementor-element-78969fc elementor-widget elementor-widget-text-editor" data-id="78969fc" data-element_type="widget" data-widget_type="text-editor.default">
				<div class="elementor-widget-container">
									<p>Ich biete Ihnen vielfältige Erfahrungen mit Zier- und Nutzpflanzen im privaten und öffentlichen Grün. Einer meiner Schwerpunkte ist die Beratung zum standortgerechten und pflegeextensiven Gestalten mit Bäumen, Sträuchern, Stauden und Zwiebelpflanzen. Damit Sie sich ein Bild von meiner Arbeit machen können, finden Sie in der Rubrik Projekte mein Portfolio mit gelungenen, pflegeleichten Gestaltungsbeispielen und vielen Fotos!</p><p>Meine Kompetenzen umfassen aber auch anspruchsvolle Spezialgebiete wie z.B. Kübelpflanzen, Wintergarten- und Zimmerpflanzen, Freilandexoten, seltene Wein- und Obstsorten, sowie heimische Wildpflanzen und Kräuter.</p><p>Im Bezug auf Pflanzen in der Natur- und Kulturlandschaft beschäftige ich mich intensiv mit der mitteleuropäischen, pannonischen, submediterranen und mediterranen Flora. Schon während meines Studiums haben mich die Auswirkungen von traditioneller Landnutzung wie Weinbau oder Weidewirtschaft auf die naturnahe Vegetation fasziniert.</p><p>Kulturlandschaften, Grünräume und Gärten sind nicht zuletzt ein Ausdruck des Lebens und Wirkens von Menschen, daher befasse ich mich auch mit den sozialen Aspekten von Gärten und Grünräumen. Wichtige Punkte sind dabei etwa das Management von AkteurInnen-Netzwerken für eine nachhaltige Entwicklung von Grünräumen und immer mehr auch die Beteiligung von NutzerInnen bei Planung, Gestaltung und Pflege von öffentlichen Grünräumen.</p><p>Ob in Gärten, Grünräumen oder in der Landschaft, die Beschäftigung mit der Pflanzenwelt und ihren vielfältigen Beziehungen ist meine große Leidenschaft!</p>								</div>
				</div>
					</div>
		</div>
				<div class="elementor-column elementor-col-50 elementor-top-column elementor-element elementor-element-d1f5741" data-id="d1f5741" data-element_type="column">
			<div class="elementor-widget-wrap elementor-element-populated">
						<div class="elementor-element elementor-element-eca92a1 elementor-widget elementor-widget-image" data-id="eca92a1" data-element_type="widget" data-widget_type="image.default">
				<div class="elementor-widget-container">
															<img decoding="async" width="300" height="350" src="https://www.karl-hillebrand.at/wp/wp-content/uploads/2023/03/uebermich01_300.jpg" class="attachment-large size-large wp-image-64" alt="" srcset="https://www.karl-hillebrand.at/wp/wp-content/uploads/2023/03/uebermich01_300.jpg 300w, https://www.karl-hillebrand.at/wp/wp-content/uploads/2023/03/uebermich01_300-257x300.jpg 257w" sizes="(max-width: 300px) 100vw, 300px" />															</div>
				</div>
					</div>
		</div>
					</div>
		</section>
				</div>

<p>Seit Anfang 2015 biete ich meine Beratungsleistungen auch als selbstständiger Pflanzenexperte an. Meine beruflichen Wurzeln liegen an der Universität für Bodenkultur Wien, wo ich als Universitätslektor im Bereich Pflanzenverwendung (Gestalten mit Pflanzen) und Vegetationstechnik geforscht und unterrichtet habe. Danach folgten Lehraufträge im Fachbereich &#8222;Ökologisches Garten- und Grünraummanagement&#8220; an der Donau-Universität Krems. Der direkte Bezug zur [&hellip;]</p>
